 the remainder when x is divided by d?
8
Let z(d) = -d + 4. Let l be z(0). Suppose 7*h + 2*c - 238 = l*h, 2 = c. Let o = -71 + h. What is the remainder when o is divided by 3?
1
Suppose -2*h + h = 4*v + 156, 2*v - 846 = 5*h. Let z = 1404 - h. What is the remainder when z/16 + (-3)/12 is divided by 11?
10
Suppose -7*v = -9*v + 4. Suppose 0 = -3*c - 6, v*l - 7*l = -2*c - 54. Suppose -31*z = -34*z + 45. Calculate the remainder when z is divided by l.
5
Let u = 16209 + -15835. Calculate the remainder when u is divided by 28.
10
Suppose 19*q + y - 102 = 18*q, -4*q = -4*y - 408. What is the remainder when q is divided by 52?
50
Let m(b) = 22*b - 100. Let r be (15/2)/((-9)/(-6)). Calculate the remainder when (7 + 0)*(4 - 0) is divided by m(r).
8
Let u be (9/21)/((-20)/140). Let t(v) = 11*v**2 - 11*v - 16. What is the remainder when t(u) is divided by 33?
17
Let b = 2628 - 830. Calculate the remainder when b is divided by 75.
73
Suppose -5*l + 2*l + 39 = 2*r, 4*l = -4*r + 52. Let v(y) = -2*y**3 + 27*y**2 - 8*y - 37. Calculate the remainder when v(l) is divided by 6.
4
Suppose 0 + 8 = -s + 4*a, 4*s = 4*a + 28. Suppose l + 8 = -s. Let k = l + 25. Calculate the remainder when 19 is divided by k.
4
Let t = -44 + 56. Let j be 220 - (-6)/(t/(-8)*-1). Suppose 0 = -6*y - 50 + j. What is the remainder when 173 is divided by y?
28
Suppose -6150 = -26*d - 2016. Suppose 0 = -5*x + 4*x + 23. What is the remainder when d is divided by x?
21
Let u = 25407 + -24770. Calculate the remainder when u is divided by 81.
70
Suppose 10*j - 232 = 8*j. What is the remainder when j is divided by (35 - 1) + (-63 - -59)?
26
Suppose g + 530 = 10*x, -4*x = 23*g - 25*g - 212. Suppose -2*m = -0*m, -5*m - 70 = -f. Calculate the remainder when x is divided by f/(-4)*(-8)/5.
25
Let u(a) = -a**3 + 2*a**2 + a - 4. Let w be u(0). Let b = w - -6. Suppose h + 5*l - 15 = -b*h, h - 4*l = 22. What is the remainder when 33 is divided by h?
3
Let y = 25489 + -24709. What is the remainder when y is divided by 69?
21
Suppose c + 653 = -365. Let z = 1048 + c. Let j = -26 - -37. What is the remainder when z is divided by j?
8
Suppose 12*h - 34 = 86. Suppose n = 4*d - 75, -d - 5*n - h + 55 = 0. What is the remainder when 1182/30 - (-2)/(-5) is divided by d?
19
Let t(f) = -1492*f + 6275. Calculate the remainder when t(4) is divided by 4.
3
Suppose -5*v = -2*v - 327. Suppose -m - 22*i - 3 = 0, -5*m + 0*m + 93 = 2*i. Calculate the remainder when v is divided by m.
14
Suppose 461 = -5*o - 5*i + 1651, 5*o - 1195 = -4*i. Let c = o - 233. Calculate the remainder when 13 + (0 - 1 - -2) is divided by c.
4
Let c = -167 - -178. Suppose 99 = 2*k + c. What is the remainder when k is divided by 26?
18
Let j be (5/(-3))/((-11)/33). Suppose -j*b = 3*b - 312. What is the remainder when b is divided by 0 - ((-7 - 3) + 4)?
3
Let d be (-5*(-2)/(-15) - -1)*-9. What is the remainder when 14 + -3 + d + 47 is divided by ((-12)/14)/(1/(-35))?
25
Suppose 2694*y - 8 = 2698*y, -4*l - y = -82. What is the remainder when 2/4 - 2037/(-14) is divided by l?
20
Suppose -5*o - 21*i = -20*i - 3461, 4*i = -2*o + 1370. Let m = -687 + o. What is the remainder when 116 is divided by m?
2
Let g = -227 + 231. Suppose g*j - 425 = -3*w + 103, 0 = 2*j - 2*w - 250. Calculate the remainder when j is divided by 26.
25
Let m(z) = -182*z + 22. Calculate the remainder when m(-4) is divided by 45.
30
Suppose 0 = -81365*c + 81180*c + 61790. Suppose -3*k - 132 = -3*r, r = -r - 4*k + 112. Calculate the remainder when c is divided by r.
46
Let z be 26/39 - 1/(-3). Let s(g) = -6 - 2*g - 13*g**2 + 4 + 67*g**2. Calculate the remainder when s(z) is divided by 13.
11
Let f be 14/(-5) + 3 - 102/(-15). Let l be (-34)/8*(1 + f). Let k = l - -53. Calculate the remainder when 90 is divided by k.
14
Let b = 68258 + -68230. Let a = 65 + -10. What is the remainder when a is divided by b?
27
Suppose 4523 = 81*n - 36706. What is the remainder when n is divided by 42?
5
Let h = 84 - 84. Suppose j - 28 = 10*q - 8*q, 4*j + q - 67 = h. What is the remainder when 46 is divided by j?
10
Let b = -1313 + 2504. Calculate the remainder when b is divided by 4.
3
Let r = -63 - -143. Suppose -112 = -25*x + 21*x - 4*o, -3*x + r = o. What is the remainder when 207 is divided by x?
25
Suppose -2*y = 5*v - 216, -y = -0 + 2. Suppose 0 = c + w - 112, -v*c - 315 = -47*c + 4*w. What is the remainder when c is divided by 10?
9
Let f be -1*3*(-5)/3. Suppose -3*c + f*c - 56 = 0. Let r(j) = -29*j + 184. Calculate the remainder when c is divided by r(6).
8
Let z = 3342 - 3313. Calculate the remainder when 168 is divided by z.
23
Let p be (-5)/(-2) - (-3)/(-6). Let t be (4/6)/((-26)/(-2145)). Suppose 7*u = p*u + t. Calculate the remainder when u is divided by 6.
5
Let v(m) = -m**3 - 32*m**2 + 69*m + 127. Suppose 0 = -0*c - 4*c + 12. What is the remainder when v(-34) is divided by c?
0
Suppose -5*h = -3*f + 12, -2*f - 2*h = -h - 8. Suppose -n + 476 = -f*z, -3*n + 3*z + 1433 = 41. What is the remainder when n is divided by 33?
31
Calculate the remainder when ((-2742)/(-20))/((-48)/(-320)) is divided by 371.
172
Let p = 642 - 618. Calculate the remainder when 571 is divided by p.
19
Let p = -1685 - -1698. What is the remainder when 252 is divided by p?
5
Suppose 4 = -5*u + u. Suppose -4*z + 1435 = 28*v - 289, v - 71 = 3*z. What is the remainder when v is divided by 10 - (0 - u*2)?
6
Suppose 48 = 10*g - 6*g. Suppose -15*r + 33 = -g*r. Suppose -4*i + x + 155 = 0, -3*x + 4 = 1. What is the remainder when i is divided by r?
6
Let h(y) = y**2 + y + 5. Let j(k) = 51*k - 9. Let d be j(3). Suppose 20*r - d = 17*r. What is the remainder when r is divided by h(-4)?
14
Let b(j) = 17*j - 7. Let q = -57 + 58. Let o be b(q). Suppose i + o = 17. Calculate the remainder when 27 is divided by i.
6
Let l(x) = 1288*x - 7691. Calculate the remainder when 341 is divided by l(6).
8
Suppose 6*r + 959 - 23 = 0. Let s = r + 159. Calculate the remainder when 66 is divided by s.
0
Suppose -237*z = -233*z - 64. Suppose -2*q - 5*w + 614 = 0, -z*w - 1512 = -5*q - 17*w. Calculate the remainder when q is divided by 34.
30
Let o = 40206 + -40186. Suppose 5*q - 6*q = 2*d - 17, q - 21 = 2*d. What is the remainder when o is divided by q?
1
Suppose 3*q + q = -5*t + 11212, 3*q = 5*t - 11226. Calculate the remainder when t is divided by 7.
4
Suppose 315 = 11*p - 15. Suppose p = 18*b - 13*b. Let u = -16 - -32. What is the remainder when u is divided by b?
4
Suppose -14*v - 918 = -2542. Suppose -4*b = -4*h - 2*b + 46, 0 = -h + b + 14. What is the remainder when v is divided by h?
8
Suppose 11*r + 1382 + 71298 = 51*r. What is the remainder when r is divided by 36?
17
Suppose 4*y = w + 2, -2*y - 16 = w - 44. What is the remainder when w is divided by 7?
4
Suppose -i + 8 = -16. Calculate the remainder when 12 is divided by ((-2)/4)/((-2)/i).
0
Let b(z) be the second derivative of 2*z**4/3 + 31*z**3/6 - 2*z**2 - 25*z - 3. What is the remainder when b(-5) is divided by 12?
5
Let m be 952/(-16)*2/(-4)*-4. What is the remainder when 6 is divided by 6/(-7)*m/34?
0
Suppose 4*j + 0*j - 12 = 0. Suppose 0 = 5*o - 3*b - 34, -5*o - 11 = -b - 49. What is the remainder when -26*((-20)/o - (1 - 3)) is divided by j?
1
Suppose 18 = -10*z + 13*z, 0 = 4*w - 2*z - 60. Suppose 4*x + 107 = -3*n, -31 = 2*x - 0*x - 3*n. Let r = x - -44. What is the remainder when r is divided by w?
3
Let q(j) = 26*j - 751. What is the remainder when q(39) is divided by 24?
23
Calculate the remainder when 838 + -235 - (0 + -17) is divided by 11.
4
Suppose -5*t + 3000 = 2*o, -5*t - 6*o + 3020 = -8*o. Suppose -y - 173 = -t. Suppose 69 - y = -3*i. What is the remainder when i is divided by 11?
10
Let p = 16 + -9. Let h(v) = v**3 - 11*v**2 - 33*v - 19. Let z be h(14). Let t = z + -91. Calculate the remainder when t is divided by p.
2
Calculate the remainder when ((-4)/3)/(4*(-14)/18984) is divided by 109.
16
Let l(r) = 2*r**3 + 18*r**2 + 2. Let f be l(-9). Calculate the remainder when (3/15)/(-1*f/(-2270)) is divided by 21.
17
Let f = -14010 + 14099. Calculate the remainder when 126 is divided by f.
37
Suppose 43*g - 195 = 46*g. Let x = -30 - g. Suppose 4*d = 3*c + 540, 0 = 5*d - 0*d - 2*c - 682. Calculate the remainder when d is divided by x.
33
Suppose 3*b - 27 = -w, 0*b = 4*w + 2